{"id":126,"date":"2016-09-15T21:07:09","date_gmt":"2016-09-15T19:07:09","guid":{"rendered":"http:\/\/gurtner-style.com\/?page_id=126"},"modified":"2023-03-12T18:40:02","modified_gmt":"2023-03-12T16:40:02","slug":"kontakt","status":"publish","type":"page","link":"https:\/\/gurtner-style.com\/?page_id=126","title":{"rendered":"Kontakt &#038; Anfrage"},"content":{"rendered":"<p>Impressum:<\/p>\n<p>Alexandra Gurtner<\/p>\n<p>Gunzing 57<br \/>\n4923 Lohnsburg<\/p>\n<p>0676\/4403679<br \/>\noffice@gurtner-style.com<\/p>\n<p>Gerichtsstand: Ried im Innkreis<\/p>\n<p>Mitglied WKO Ried im Innkreis<\/p>\n<p>die aktuellsten Arbeiten finden Sie immer hier:<br \/>\nInstagram: <a href=\"https:\/\/www.instagram.com\/alexandragurtner\/?hl=de\">https:\/\/www.instagram.com\/alexandragurtner\/?hl=de<br \/>\n<\/a>Facebook: <a href=\"https:\/\/www.facebook.com\/Alexandra-Gurtner-662736090558205\/?ref=bookmarks\">https:\/\/www.facebook.com\/Alexandra-Gurtner-662736090558205\/?ref=bookmarks<\/a><\/p>\n<p>Anfragen sind jederzeit herzlichen willkommen &#8211; und wie es im Innviertel so sch\u00f6n hei\u00dft: Fragen kostet nichts!<\/p>\n<p>Datenchutzerkl\u00e4rung:<\/p>\n<p>Ihre Anfragen werden vertraulich behandelt. Ihre Kontaktdaten werden solange gespeichert, wie es f\u00fcr das Angebot sinnvoll erscheint und werden danach automatisch gel\u00f6scht. Sie k\u00f6nnen selbstverst\u00e4ndlich jederzeit Auskunft und L\u00f6schung verlangen. Wenden Sie sich daf\u00fcr einfach an obige Kontaktadresse.<br \/>\nIm Falle eines Auftrages werden Ihre Kundendaten im Rahmen der Aufbewahrungspflicht 7 Jahre gespeichert.<\/p>\n<p>In keinem Fall werden Ihre Daten an Dritte weitergegeben.<\/p>\n<p>AGB:<\/p>\n<section id=\"shop_info\" class=\"legal-info\">\n<ul class=\"tab-contents js-tabs\" lang=\"de\">\n<li id=\"shop_tnc\" class=\"tab-active shop_tnc\">\n<section class=\"content\">Vertragsabschluss<br \/>\nUmtausch- und R\u00fccktrittsrecht<br \/>\nBezahlung<br \/>\nEigentumsvorbehalt<br \/>\nLieferzeit<br \/>\nPorto und Verpackungskosten<br \/>\nGewerbliche Kunden<br \/>\nSalvatorische KlauselVertragsabschluss:<br \/>\nDie Angebote in diesem Online-Shop sind als Aufforderung an den Kunden zu verstehen und sind freibleibend. Der Vertrag kommt durch eine Auftragsbest\u00e4tigung unsererseits oder durch Absenden der bestellten Ware zustande. Sollten Sie per E-Mail oder Fax bestellen, erhalten Sie von uns immer eine Auftragsbest\u00e4tigung. Sollten Sie nicht innerhalb von 2 Tagen Ihre Benachrichtigung bekommen, kontaktieren Sie uns bitte. Manchmal rutscht eine E-Mail durch den Spam-Filter oder ein Fax erreicht uns nicht.<br \/>\nEs gibt keinen Mindestbestellwert.Umtausch- und R\u00fccktrittsrecht:<br \/>\nSie haben 14 Tage gesetzliches R\u00fccktrittsrecht ab Warenerhalt. Sie k\u00f6nnen ohne Begr\u00fcndung binnen 14 Tagen schriftlich per Fax, E-Mail oder Brief vom Kaufvertrag zur\u00fccktreten. Auch eine R\u00fccksendung der Ware innerhalb der Frist ist m\u00f6glich. Das R\u00fccktrittsrecht gilt nur f\u00fcr unbenutzte Ware und nicht f\u00fcr Sonderanfertigungen und speziell energetisierte Artikel. Au\u00dferdem gelten die gesetzlichen Bestimmungen f\u00fcr die Gew\u00e4hrleistung. Im Gew\u00e4hrleistungsfall ist die R\u00fccksendung f\u00fcr Sie kostenlos. Wir leisten umgehend Ersatz f\u00fcr die mangelhafte Ware.<br \/>\nSollte die Ware in verschlechtertem Zustand zur\u00fcckgegeben werden, m\u00fcssen Sie daf\u00fcr Wertersatz leisten. Eine Pr\u00fcfung (Probieren der Waren), wie sie in einem Gesch\u00e4ft \u00fcblich ist, stellt keine Verschlechterung dar.<br \/>\nBitte geben Sie bei R\u00fccksendungen immer Ihre Kundennummer und die Rechnungsnummer an.<br \/>\nDas Widerrufsrecht gilt nicht f\u00fcr K\u00e4ufe, die Sie direkt in unserem Atelier t\u00e4tigen. In diesen F\u00e4llen gelten die gesetzlichen Gew\u00e4hrleistungsanspr\u00fcche.<br \/>\nebooks und digitale und personalisierte G\u00fcter sind von der R\u00fcckgabe ausgenommen.<\/p>\n<p>Bezahlung :<br \/>\nSie k\u00f6nnen zwischen Vorauskasse, Nachnahme w\u00e4hlen. Es gelten die zum Zeitpunkt der Bestellung im Angebot angef\u00fchrten Preise. Alle Preise sind inklusive gesetzlicher 20% Mehrwertsteuer.<br \/>\nBei Vorauskasse versenden wir erst nach vollst\u00e4ndigem Zahlungseingang auf unser Konto. Sollte der Rechnungsbetrag nicht innerhalb von 7 Tagen auf unserem Konto gutgeschrieben sein, behalten wir uns vor, vom Vertrag zur\u00fcckzutreten. Bei Bestellungen aus Nicht-EU-L\u00e4ndern \u00fcbernehmen wir keine Geld-Transaktionskosten.<\/p>\n<p>Eigentumsvorbehalt:<br \/>\nDie bestellte Ware bleibt bis zur vollst\u00e4ndigen Bezahlung unser Eigentum.<\/p>\n<p>Lieferzeit:<br \/>\nWir bem\u00fchen uns, die Lieferzeit so kurz wie m\u00f6glich zu halten. Sollte eine Ware nicht sofort lieferbar sein, erhalten Sie von uns umgehend eine Benachrichtigung. Es steht Ihnen dann frei, vom Vertrag zur\u00fcckzutreten.<br \/>\nPorto und Verpackungskosten:<br \/>\n5 Euro innerhalb \u00d6sterreichs<br \/>\n13 Euro EU-Ausland<br \/>\nWir behalten uns vor, die Portokosten bei Tarif\u00e4nderungen anzupassen.<\/p>\n<p>Gewerbliche Kunden:<br \/>\nIm Gesch\u00e4ftsverkehr wird als Gerichtstand unser Gesch\u00e4ftssitz vereinbart, Gerichtsstand 4910 Ried im Innkreis. Kunden aus EU-L\u00e4ndern sollten bitte Ihre UID-Nummer angeben.<\/p>\n<p>Salvatorische Klausel:<br \/>\nSollten einzelne Bestimmungen des Vertrages einschlie\u00dflich unserer AGB ganz oder teilweise unwirksam sein oder werden, oder sollte der Vertrag eine nichtvorhergesehene L\u00fccke aufweisen, bleibt die Wirksamkeit der \u00fcbrigen Bestimmungen oder Teile solcher Bestimmungen unber\u00fchrt. Anstelle der unwirksamen oder fehlenden Bestimmungen treten die jeweiligen gesetzlichen Regelungen. Es gilt dabei das \u00d6sterreichische Gesetz.<\/p>\n<\/section>\n<\/li>\n<\/ul>\n<\/section>\n<aside id=\"promo\" class=\"stretched\">\n<div class=\"promo-wrapper\"><\/div>\n<\/aside>\n","protected":false},"excerpt":{"rendered":"<p>Impressum: Alexandra Gurtner Gunzing 57 4923 Lohnsburg 0676\/4403679 office@gurtner-style.com Gerichtsstand: Ried im Innkreis Mitglied WKO Ried im Innkreis die aktuellsten Arbeiten finden Sie immer hier: Instagram: https:\/\/www.instagram.com\/alexandragurtner\/?hl=de Facebook: https:\/\/www.facebook.com\/Alexandra-Gurtner-662736090558205\/?ref=bookmarks Anfragen sind jederzeit herzlichen willkommen &#8211; und wie es im Innviertel so sch\u00f6n hei\u00dft: Fragen kostet nichts! Datenchutzerkl\u00e4rung: Ihre Anfragen werden vertraulich behandelt. Ihre Kontaktdaten werden&#8230;<\/p>\n","protected":false},"author":1,"featured_media":0,"parent":0,"menu_order":0,"comment_status":"closed","ping_status":"closed","template":"","meta":[],"_links":{"self":[{"href":"https:\/\/gurtner-style.com\/index.php?rest_route=\/wp\/v2\/pages\/126"}],"collection":[{"href":"https:\/\/gurtner-style.com\/index.php?rest_route=\/wp\/v2\/pages"}],"about":[{"href":"https:\/\/gurtner-style.com\/index.php?rest_route=\/wp\/v2\/types\/page"}],"author":[{"embeddable":true,"href":"https:\/\/gurtner-style.com\/index.php?rest_route=\/wp\/v2\/users\/1"}],"replies":[{"embeddable":true,"href":"https:\/\/gurtner-style.com\/index.php?rest_route=%2Fwp%2Fv2%2Fcomments&post=126"}],"version-history":[{"count":7,"href":"https:\/\/gurtner-style.com\/index.php?rest_route=\/wp\/v2\/pages\/126\/revisions"}],"predecessor-version":[{"id":355,"href":"https:\/\/gurtner-style.com\/index.php?rest_route=\/wp\/v2\/pages\/126\/revisions\/355"}],"wp:attachment":[{"href":"https:\/\/gurtner-style.com\/index.php?rest_route=%2Fwp%2Fv2%2Fmedia&parent=126"}],"curies":[{"name":"wp","href":"https:\/\/api.w.org\/{rel}","templated":true}]}}